{"id":138,"date":"2024-06-22T20:57:05","date_gmt":"2024-06-22T20:57:05","guid":{"rendered":"https:\/\/demfreshproduce.com\/?page_id=138"},"modified":"2024-06-22T20:57:40","modified_gmt":"2024-06-22T20:57:40","slug":"melon","status":"publish","type":"page","link":"https:\/\/demfreshproduce.com\/index.php\/melon\/","title":{"rendered":"Melon"},"content":{"rendered":"\t\t<div data-elementor-type=\"wp-page\" data-elementor-id=\"138\" class=\"elementor elementor-138\" data-elementor-post-type=\"page\">\n\t\t\t\t\t\t<section class=\"elementor-section elementor-top-section elementor-element elementor-element-debb704 elementor-section-full_width elementor-section-height-default elementor-section-height-default\" data-id=\"debb704\" data-element_type=\"section\" data-e-type=\"section\">\n\t\t\t\t\t\t<div class=\"elementor-container elementor-column-gap-default\">\n\t\t\t\t\t<div class=\"elementor-column elementor-col-100 elementor-top-column elementor-element elementor-element-b1e025a\" data-id=\"b1e025a\" data-element_type=\"column\" data-e-type=\"column\">\n\t\t\t<div class=\"elementor-widget-wrap elementor-element-populated\">\n\t\t\t\t\t\t<div class=\"elementor-element elementor-element-956517f elementor--h-position-center elementor--v-position-middle elementor-widget elementor-widget-slides\" data-id=\"956517f\" data-element_type=\"widget\" data-e-type=\"widget\" data-settings=\"{&quot;navigation&quot;:&quot;none&quot;,&quot;autoplay_speed&quot;:3000,&quot;transition&quot;:&quot;fade&quot;,&quot;autoplay&quot;:&quot;yes&quot;,&quot;infinite&quot;:&quot;yes&quot;,&quot;transition_speed&quot;:500}\" data-widget_type=\"slides.default\">\n\t\t\t\t<div class=\"elementor-widget-container\">\n\t\t\t\t\t\t\t\t\t<div class=\"elementor-swiper\">\n\t\t\t\t\t<div class=\"elementor-slides-wrapper elementor-main-swiper swiper\" role=\"region\" aria-roledescription=\"carousel\" aria-label=\"Slides\" dir=\"ltr\" data-animation=\"fadeInUp\">\n\t\t\t\t<div class=\"swiper-wrapper elementor-slides\">\n\t\t\t\t\t\t\t\t\t\t<div class=\"elementor-repeater-item-475b4aa swiper-slide\" role=\"group\" aria-roledescription=\"slide\"><div class=\"swiper-slide-bg elementor-ken-burns elementor-ken-burns--in\" role=\"img\" aria-label=\"1c9948dbd87e7730a7e6b4ce7a2fa4ac_220516.png\"><\/div><a class=\"swiper-slide-inner\" href=\"https:\/\/demfreshproduce.com\/index.php\/contacto\/\"><div class=\"swiper-slide-contents\"><div class=\"elementor-slide-heading\">Melon<\/div><div  class=\"elementor-button elementor-slide-button elementor-size-sm\">Contacto<\/div><\/div><\/a><\/div>\t\t\t\t<\/div>\n\t\t\t\t\t\t\t<\/div>\n\t\t\t\t<\/div>\n\t\t\t\t\t\t\t\t<\/div>\n\t\t\t\t<\/div>\n\t\t\t\t<div class=\"elementor-element elementor-element-1925ce7 elementor-nav-menu__align-center elementor-fixed elementor-nav-menu--dropdown-tablet elementor-nav-menu__text-align-aside elementor-nav-menu--toggle elementor-nav-menu--burger elementor-widget elementor-widget-nav-menu\" data-id=\"1925ce7\" data-element_type=\"widget\" data-e-type=\"widget\" data-settings=\"{&quot;_position&quot;:&quot;fixed&quot;,&quot;layout&quot;:&quot;horizontal&quot;,&quot;submenu_icon&quot;:{&quot;value&quot;:&quot;&lt;svg aria-hidden=\\&quot;true\\&quot; class=\\&quot;e-font-icon-svg e-fas-caret-down\\&quot; viewBox=\\&quot;0 0 320 512\\&quot; xmlns=\\&quot;http:\\\/\\\/www.w3.org\\\/2000\\\/svg\\&quot;&gt;&lt;path d=\\&quot;M31.3 192h257.3c17.8 0 26.7 21.5 14.1 34.1L174.1 354.8c-7.8 7.8-20.5 7.8-28.3 0L17.2 226.1C4.6 213.5 13.5 192 31.3 192z\\&quot;&gt;&lt;\\\/path&gt;&lt;\\\/svg&gt;&quot;,&quot;library&quot;:&quot;fa-solid&quot;},&quot;toggle&quot;:&quot;burger&quot;}\" data-widget_type=\"nav-menu.default\">\n\t\t\t\t<div class=\"elementor-widget-container\">\n\t\t\t\t\t\t\t\t<nav aria-label=\"Menu\" class=\"elementor-nav-menu--main elementor-nav-menu__container elementor-nav-menu--layout-horizontal e--pointer-underline e--animation-fade\">\n\t\t\t\t<ul id=\"menu-1-1925ce7\" class=\"elementor-nav-menu\"><li class=\"menu-item menu-item-type-post_type menu-item-object-page menu-item-home menu-item-34\"><a href=\"https:\/\/demfreshproduce.com\/\" class=\"elementor-item\">Inicio<\/a><\/li>\n<li class=\"menu-item menu-item-type-post_type menu-item-object-page menu-item-314\"><a href=\"https:\/\/demfreshproduce.com\/index.php\/contacto\/\" class=\"elementor-item\">Contacto<\/a><\/li>\n<li class=\"menu-item menu-item-type-post_type menu-item-object-page menu-item-has-children menu-item-320\"><a href=\"https:\/\/demfreshproduce.com\/index.php\/pina\/\" class=\"elementor-item\">Pi\u00f1a<\/a>\n<ul class=\"sub-menu elementor-nav-menu--dropdown\">\n\t<li class=\"menu-item menu-item-type-post_type menu-item-object-page menu-item-321\"><a href=\"https:\/\/demfreshproduce.com\/index.php\/pina-congelada\/\" class=\"elementor-sub-item\">Pi\u00f1a Congelada<\/a><\/li>\n\t<li class=\"menu-item menu-item-type-post_type menu-item-object-page menu-item-322\"><a href=\"https:\/\/demfreshproduce.com\/index.php\/pina-en-pasta\/\" class=\"elementor-sub-item\">Pi\u00f1a en Pasta<\/a><\/li>\n<\/ul>\n<\/li>\n<li class=\"menu-item menu-item-type-post_type menu-item-object-page menu-item-has-children menu-item-326\"><a href=\"https:\/\/demfreshproduce.com\/index.php\/yuca\/\" class=\"elementor-item\">Yuca<\/a>\n<ul class=\"sub-menu elementor-nav-menu--dropdown\">\n\t<li class=\"menu-item menu-item-type-post_type menu-item-object-page menu-item-327\"><a href=\"https:\/\/demfreshproduce.com\/index.php\/yuca-congelada\/\" class=\"elementor-sub-item\">Yuca Congelada<\/a><\/li>\n\t<li class=\"menu-item menu-item-type-post_type menu-item-object-page menu-item-328\"><a href=\"https:\/\/demfreshproduce.com\/index.php\/yuca-en-masa\/\" class=\"elementor-sub-item\">Yuca en Masa<\/a><\/li>\n\t<li class=\"menu-item menu-item-type-post_type menu-item-object-page menu-item-329\"><a href=\"https:\/\/demfreshproduce.com\/index.php\/yuca-en-pasta\/\" class=\"elementor-sub-item\">Yuca en Pasta<\/a><\/li>\n<\/ul>\n<\/li>\n<li class=\"menu-item menu-item-type-post_type menu-item-object-page menu-item-311\"><a href=\"https:\/\/demfreshproduce.com\/index.php\/ayote\/\" class=\"elementor-item\">Ayote<\/a><\/li>\n<li class=\"menu-item menu-item-type-post_type menu-item-object-page menu-item-312\"><a href=\"https:\/\/demfreshproduce.com\/index.php\/banano\/\" class=\"elementor-item\">Banano<\/a><\/li>\n<li class=\"menu-item menu-item-type-post_type menu-item-object-page menu-item-313\"><a href=\"https:\/\/demfreshproduce.com\/index.php\/chayote\/\" class=\"elementor-item\">Chayote<\/a><\/li>\n<li class=\"menu-item menu-item-type-post_type menu-item-object-page menu-item-315\"><a href=\"https:\/\/demfreshproduce.com\/index.php\/eddoes\/\" class=\"elementor-item\">Eddoes<\/a><\/li>\n<li class=\"menu-item menu-item-type-post_type menu-item-object-page menu-item-316\"><a href=\"https:\/\/demfreshproduce.com\/index.php\/jengibre\/\" class=\"elementor-item\">Jengibre<\/a><\/li>\n<li class=\"menu-item menu-item-type-post_type menu-item-object-page menu-item-317\"><a href=\"https:\/\/demfreshproduce.com\/index.php\/malanga\/\" class=\"elementor-item\">Malanga<\/a><\/li>\n<li class=\"menu-item menu-item-type-post_type menu-item-object-page menu-item-318\"><a href=\"https:\/\/demfreshproduce.com\/index.php\/melon\/\" class=\"elementor-item\">Melon<\/a><\/li>\n<li class=\"menu-item menu-item-type-post_type menu-item-object-page menu-item-319\"><a href=\"https:\/\/demfreshproduce.com\/index.php\/name\/\" class=\"elementor-item\">\u00d1ame<\/a><\/li>\n<li class=\"menu-item menu-item-type-post_type menu-item-object-page menu-item-323\"><a href=\"https:\/\/demfreshproduce.com\/index.php\/platano\/\" class=\"elementor-item\">Platano<\/a><\/li>\n<li class=\"menu-item menu-item-type-post_type menu-item-object-page menu-item-324\"><a href=\"https:\/\/demfreshproduce.com\/index.php\/platano-en-pasta\/\" class=\"elementor-item\">Platano en Pasta<\/a><\/li>\n<li class=\"menu-item menu-item-type-post_type menu-item-object-page menu-item-325\"><a href=\"https:\/\/demfreshproduce.com\/index.php\/tiquisque\/\" class=\"elementor-item\">Tiquisque<\/a><\/li>\n<\/ul>\t\t\t<\/nav>\n\t\t\t\t\t<div class=\"elementor-menu-toggle\" role=\"button\" tabindex=\"0\" aria-label=\"Menu Toggle\" aria-expanded=\"false\">\n\t\t\t<svg aria-hidden=\"true\" role=\"presentation\" class=\"elementor-menu-toggle__icon--open e-font-icon-svg e-eicon-menu-bar\" viewBox=\"0 0 1000 1000\" xmlns=\"http:\/\/www.w3.org\/2000\/svg\"><path d=\"M104 333H896C929 333 958 304 958 271S929 208 896 208H104C71 208 42 237 42 271S71 333 104 333ZM104 583H896C929 583 958 554 958 521S929 458 896 458H104C71 458 42 487 42 521S71 583 104 583ZM104 833H896C929 833 958 804 958 771S929 708 896 708H104C71 708 42 737 42 771S71 833 104 833Z\"><\/path><\/svg><svg aria-hidden=\"true\" role=\"presentation\" class=\"elementor-menu-toggle__icon--close e-font-icon-svg e-eicon-close\" viewBox=\"0 0 1000 1000\" xmlns=\"http:\/\/www.w3.org\/2000\/svg\"><path d=\"M742 167L500 408 258 167C246 154 233 150 217 150 196 150 179 158 167 167 154 179 150 196 150 212 150 229 154 242 171 254L408 500 167 742C138 771 138 800 167 829 196 858 225 858 254 829L496 587 738 829C750 842 767 846 783 846 800 846 817 842 829 829 842 817 846 804 846 783 846 767 842 750 829 737L588 500 833 258C863 229 863 200 833 171 804 137 775 137 742 167Z\"><\/path><\/svg>\t\t<\/div>\n\t\t\t\t\t<nav class=\"elementor-nav-menu--dropdown elementor-nav-menu__container\" aria-hidden=\"true\">\n\t\t\t\t<ul id=\"menu-2-1925ce7\" class=\"elementor-nav-menu\"><li class=\"menu-item menu-item-type-post_type menu-item-object-page menu-item-home menu-item-34\"><a href=\"https:\/\/demfreshproduce.com\/\" class=\"elementor-item\" tabindex=\"-1\">Inicio<\/a><\/li>\n<li class=\"menu-item menu-item-type-post_type menu-item-object-page menu-item-314\"><a href=\"https:\/\/demfreshproduce.com\/index.php\/contacto\/\" class=\"elementor-item\" tabindex=\"-1\">Contacto<\/a><\/li>\n<li class=\"menu-item menu-item-type-post_type menu-item-object-page menu-item-has-children menu-item-320\"><a href=\"https:\/\/demfreshproduce.com\/index.php\/pina\/\" class=\"elementor-item\" tabindex=\"-1\">Pi\u00f1a<\/a>\n<ul class=\"sub-menu elementor-nav-menu--dropdown\">\n\t<li class=\"menu-item menu-item-type-post_type menu-item-object-page menu-item-321\"><a href=\"https:\/\/demfreshproduce.com\/index.php\/pina-congelada\/\" class=\"elementor-sub-item\" tabindex=\"-1\">Pi\u00f1a Congelada<\/a><\/li>\n\t<li class=\"menu-item menu-item-type-post_type menu-item-object-page menu-item-322\"><a href=\"https:\/\/demfreshproduce.com\/index.php\/pina-en-pasta\/\" class=\"elementor-sub-item\" tabindex=\"-1\">Pi\u00f1a en Pasta<\/a><\/li>\n<\/ul>\n<\/li>\n<li class=\"menu-item menu-item-type-post_type menu-item-object-page menu-item-has-children menu-item-326\"><a href=\"https:\/\/demfreshproduce.com\/index.php\/yuca\/\" class=\"elementor-item\" tabindex=\"-1\">Yuca<\/a>\n<ul class=\"sub-menu elementor-nav-menu--dropdown\">\n\t<li class=\"menu-item menu-item-type-post_type menu-item-object-page menu-item-327\"><a href=\"https:\/\/demfreshproduce.com\/index.php\/yuca-congelada\/\" class=\"elementor-sub-item\" tabindex=\"-1\">Yuca Congelada<\/a><\/li>\n\t<li class=\"menu-item menu-item-type-post_type menu-item-object-page menu-item-328\"><a href=\"https:\/\/demfreshproduce.com\/index.php\/yuca-en-masa\/\" class=\"elementor-sub-item\" tabindex=\"-1\">Yuca en Masa<\/a><\/li>\n\t<li class=\"menu-item menu-item-type-post_type menu-item-object-page menu-item-329\"><a href=\"https:\/\/demfreshproduce.com\/index.php\/yuca-en-pasta\/\" class=\"elementor-sub-item\" tabindex=\"-1\">Yuca en Pasta<\/a><\/li>\n<\/ul>\n<\/li>\n<li class=\"menu-item menu-item-type-post_type menu-item-object-page menu-item-311\"><a href=\"https:\/\/demfreshproduce.com\/index.php\/ayote\/\" class=\"elementor-item\" tabindex=\"-1\">Ayote<\/a><\/li>\n<li class=\"menu-item menu-item-type-post_type menu-item-object-page menu-item-312\"><a href=\"https:\/\/demfreshproduce.com\/index.php\/banano\/\" class=\"elementor-item\" tabindex=\"-1\">Banano<\/a><\/li>\n<li class=\"menu-item menu-item-type-post_type menu-item-object-page menu-item-313\"><a href=\"https:\/\/demfreshproduce.com\/index.php\/chayote\/\" class=\"elementor-item\" tabindex=\"-1\">Chayote<\/a><\/li>\n<li class=\"menu-item menu-item-type-post_type menu-item-object-page menu-item-315\"><a href=\"https:\/\/demfreshproduce.com\/index.php\/eddoes\/\" class=\"elementor-item\" tabindex=\"-1\">Eddoes<\/a><\/li>\n<li class=\"menu-item menu-item-type-post_type menu-item-object-page menu-item-316\"><a href=\"https:\/\/demfreshproduce.com\/index.php\/jengibre\/\" class=\"elementor-item\" tabindex=\"-1\">Jengibre<\/a><\/li>\n<li class=\"menu-item menu-item-type-post_type menu-item-object-page menu-item-317\"><a href=\"https:\/\/demfreshproduce.com\/index.php\/malanga\/\" class=\"elementor-item\" tabindex=\"-1\">Malanga<\/a><\/li>\n<li class=\"menu-item menu-item-type-post_type menu-item-object-page menu-item-318\"><a href=\"https:\/\/demfreshproduce.com\/index.php\/melon\/\" class=\"elementor-item\" tabindex=\"-1\">Melon<\/a><\/li>\n<li class=\"menu-item menu-item-type-post_type menu-item-object-page menu-item-319\"><a href=\"https:\/\/demfreshproduce.com\/index.php\/name\/\" class=\"elementor-item\" tabindex=\"-1\">\u00d1ame<\/a><\/li>\n<li class=\"menu-item menu-item-type-post_type menu-item-object-page menu-item-323\"><a href=\"https:\/\/demfreshproduce.com\/index.php\/platano\/\" class=\"elementor-item\" tabindex=\"-1\">Platano<\/a><\/li>\n<li class=\"menu-item menu-item-type-post_type menu-item-object-page menu-item-324\"><a href=\"https:\/\/demfreshproduce.com\/index.php\/platano-en-pasta\/\" class=\"elementor-item\" tabindex=\"-1\">Platano en Pasta<\/a><\/li>\n<li class=\"menu-item menu-item-type-post_type menu-item-object-page menu-item-325\"><a href=\"https:\/\/demfreshproduce.com\/index.php\/tiquisque\/\" class=\"elementor-item\" tabindex=\"-1\">Tiquisque<\/a><\/li>\n<\/ul>\t\t\t<\/nav>\n\t\t\t\t\t\t<\/div>\n\t\t\t\t<\/div>\n\t\t\t\t\t<\/div>\n\t\t<\/div>\n\t\t\t\t\t<\/div>\n\t\t<\/section>\n\t\t\t\t<section class=\"elementor-section elementor-top-section elementor-element elementor-element-1a8070e elementor-section-boxed elementor-section-height-default elementor-section-height-default\" data-id=\"1a8070e\" data-element_type=\"section\" data-e-type=\"section\">\n\t\t\t\t\t\t<div class=\"elementor-container elementor-column-gap-default\">\n\t\t\t\t\t<div class=\"elementor-column elementor-col-100 elementor-top-column elementor-element elementor-element-8dc305c\" data-id=\"8dc305c\" data-element_type=\"column\" data-e-type=\"column\">\n\t\t\t<div class=\"elementor-widget-wrap elementor-element-populated\">\n\t\t\t\t\t\t<div class=\"elementor-element elementor-element-c6753ea elementor-widget elementor-widget-text-editor\" data-id=\"c6753ea\" data-element_type=\"widget\" data-e-type=\"widget\" data-widget_type=\"text-editor.default\">\n\t\t\t\t<div class=\"elementor-widget-container\">\n\t\t\t\t\t\t\t\t\t<p>El mel\u00f3n es un cultivo importante en Costa Rica y se produce en diferentes regiones del pa\u00eds. La variedad m\u00e1s com\u00fan es el mel\u00f3n cantalupo, tambi\u00e9n conocido como mel\u00f3n dulce, que se caracteriza por tener una pulpa naranja y dulce.<\/p><p>El cultivo del mel\u00f3n en Costa Rica requiere de ciertas condiciones ambientales espec\u00edficas, como una temperatura promedio de entre 20 y 30 grados Celsius y una humedad relativa alta. Adem\u00e1s, el mel\u00f3n requiere de un suelo bien drenado y rico en nutrientes para su crecimiento \u00f3ptimo.<\/p><p>La temporada de cosecha del mel\u00f3n en Costa Rica se extiende de diciembre a mayo, aunque algunos productores pueden cultivar en otras \u00e9pocas del a\u00f1o en invernaderos. La mayor\u00eda de los melones se venden en los mercados locales y en los supermercados del pa\u00eds.<\/p><p>El mel\u00f3n es una fuente importante de nutrientes como la vitamina C y potasio, y se utiliza en la preparaci\u00f3n de varios platos de la cocina costarricense, como ensaladas y postres. Adem\u00e1s, la pulpa del mel\u00f3n se utiliza a menudo en la industria de bebidas y alimentos para la elaboraci\u00f3n de jugos y n\u00e9ctares de frutas.<\/p>\t\t\t\t\t\t\t\t<\/div>\n\t\t\t\t<\/div>\n\t\t\t\t<div class=\"elementor-element elementor-element-e2fd4f5 elementor-arrows-position-inside elementor-pagination-position-outside elementor-widget elementor-widget-image-carousel\" data-id=\"e2fd4f5\" data-element_type=\"widget\" data-e-type=\"widget\" data-settings=\"{&quot;slides_to_show&quot;:&quot;1&quot;,&quot;lazyload&quot;:&quot;yes&quot;,&quot;pause_on_hover&quot;:&quot;no&quot;,&quot;pause_on_interaction&quot;:&quot;no&quot;,&quot;navigation&quot;:&quot;both&quot;,&quot;autoplay&quot;:&quot;yes&quot;,&quot;autoplay_speed&quot;:5000,&quot;infinite&quot;:&quot;yes&quot;,&quot;effect&quot;:&quot;slide&quot;,&quot;speed&quot;:500}\" data-widget_type=\"image-carousel.default\">\n\t\t\t\t<div class=\"elementor-widget-container\">\n\t\t\t\t\t\t\t<div class=\"elementor-image-carousel-wrapper swiper\" role=\"region\" aria-roledescription=\"carousel\" aria-label=\"Image Carousel\" dir=\"ltr\">\n\t\t\t<div class=\"elementor-image-carousel swiper-wrapper\" aria-live=\"off\">\n\t\t\t\t\t\t\t\t<div class=\"swiper-slide\" role=\"group\" aria-roledescription=\"slide\" aria-label=\"1 of 11\"><figure class=\"swiper-slide-inner\"><img class=\"swiper-slide-image swiper-lazy\" data-src=\"https:\/\/demfreshproduce.com\/wp-content\/uploads\/2024\/06\/melon3.jpg\" alt=\"melon3.jpg\" \/><div class=\"swiper-lazy-preloader\"><\/div><\/figure><\/div><div class=\"swiper-slide\" role=\"group\" aria-roledescription=\"slide\" aria-label=\"2 of 11\"><figure class=\"swiper-slide-inner\"><img class=\"swiper-slide-image swiper-lazy\" data-src=\"https:\/\/demfreshproduce.com\/wp-content\/uploads\/2024\/06\/melon13.jpg\" alt=\"melon13.jpg\" \/><div class=\"swiper-lazy-preloader\"><\/div><\/figure><\/div><div class=\"swiper-slide\" role=\"group\" aria-roledescription=\"slide\" aria-label=\"3 of 11\"><figure class=\"swiper-slide-inner\"><img class=\"swiper-slide-image swiper-lazy\" data-src=\"https:\/\/demfreshproduce.com\/wp-content\/uploads\/2024\/06\/melon12.jpg\" alt=\"melon12.jpg\" \/><div class=\"swiper-lazy-preloader\"><\/div><\/figure><\/div><div class=\"swiper-slide\" role=\"group\" aria-roledescription=\"slide\" aria-label=\"4 of 11\"><figure class=\"swiper-slide-inner\"><img class=\"swiper-slide-image swiper-lazy\" data-src=\"https:\/\/demfreshproduce.com\/wp-content\/uploads\/2024\/06\/melon11.jpg\" alt=\"melon11.jpg\" \/><div class=\"swiper-lazy-preloader\"><\/div><\/figure><\/div><div class=\"swiper-slide\" role=\"group\" aria-roledescription=\"slide\" aria-label=\"5 of 11\"><figure class=\"swiper-slide-inner\"><img class=\"swiper-slide-image swiper-lazy\" data-src=\"https:\/\/demfreshproduce.com\/wp-content\/uploads\/2024\/06\/melon10.jpg\" alt=\"melon10.jpg\" \/><div class=\"swiper-lazy-preloader\"><\/div><\/figure><\/div><div class=\"swiper-slide\" role=\"group\" aria-roledescription=\"slide\" aria-label=\"6 of 11\"><figure class=\"swiper-slide-inner\"><img class=\"swiper-slide-image swiper-lazy\" data-src=\"https:\/\/demfreshproduce.com\/wp-content\/uploads\/2024\/06\/melon9.jpg\" alt=\"melon9.jpg\" \/><div class=\"swiper-lazy-preloader\"><\/div><\/figure><\/div><div class=\"swiper-slide\" role=\"group\" aria-roledescription=\"slide\" aria-label=\"7 of 11\"><figure class=\"swiper-slide-inner\"><img class=\"swiper-slide-image swiper-lazy\" data-src=\"https:\/\/demfreshproduce.com\/wp-content\/uploads\/2024\/06\/melon8.jpg\" alt=\"melon8.jpg\" \/><div class=\"swiper-lazy-preloader\"><\/div><\/figure><\/div><div class=\"swiper-slide\" role=\"group\" aria-roledescription=\"slide\" aria-label=\"8 of 11\"><figure class=\"swiper-slide-inner\"><img class=\"swiper-slide-image swiper-lazy\" data-src=\"https:\/\/demfreshproduce.com\/wp-content\/uploads\/2024\/06\/melon7.jpg\" alt=\"melon7.jpg\" \/><div class=\"swiper-lazy-preloader\"><\/div><\/figure><\/div><div class=\"swiper-slide\" role=\"group\" aria-roledescription=\"slide\" aria-label=\"9 of 11\"><figure class=\"swiper-slide-inner\"><img class=\"swiper-slide-image swiper-lazy\" data-src=\"https:\/\/demfreshproduce.com\/wp-content\/uploads\/2024\/06\/melon6.jpg\" alt=\"melon6.jpg\" \/><div class=\"swiper-lazy-preloader\"><\/div><\/figure><\/div><div class=\"swiper-slide\" role=\"group\" aria-roledescription=\"slide\" aria-label=\"10 of 11\"><figure class=\"swiper-slide-inner\"><img class=\"swiper-slide-image swiper-lazy\" data-src=\"https:\/\/demfreshproduce.com\/wp-content\/uploads\/2024\/06\/melon5.jpg\" alt=\"melon5.jpg\" \/><div class=\"swiper-lazy-preloader\"><\/div><\/figure><\/div><div class=\"swiper-slide\" role=\"group\" aria-roledescription=\"slide\" aria-label=\"11 of 11\"><figure class=\"swiper-slide-inner\"><img class=\"swiper-slide-image swiper-lazy\" data-src=\"https:\/\/demfreshproduce.com\/wp-content\/uploads\/2024\/06\/melon4.jpg\" alt=\"melon4.jpg\" \/><div class=\"swiper-lazy-preloader\"><\/div><\/figure><\/div>\t\t\t<\/div>\n\t\t\t\t\t\t\t\t\t\t\t\t<div class=\"elementor-swiper-button elementor-swiper-button-prev\" role=\"button\" tabindex=\"0\">\n\t\t\t\t\t\t<svg aria-hidden=\"true\" class=\"e-font-icon-svg e-eicon-chevron-left\" viewBox=\"0 0 1000 1000\" xmlns=\"http:\/\/www.w3.org\/2000\/svg\"><path d=\"M646 125C629 125 613 133 604 142L308 442C296 454 292 471 292 487 292 504 296 521 308 533L604 854C617 867 629 875 646 875 663 875 679 871 692 858 704 846 713 829 713 812 713 796 708 779 692 767L438 487 692 225C700 217 708 204 708 187 708 171 704 154 692 142 675 129 663 125 646 125Z\"><\/path><\/svg>\t\t\t\t\t<\/div>\n\t\t\t\t\t<div class=\"elementor-swiper-button elementor-swiper-button-next\" role=\"button\" tabindex=\"0\">\n\t\t\t\t\t\t<svg aria-hidden=\"true\" class=\"e-font-icon-svg e-eicon-chevron-right\" viewBox=\"0 0 1000 1000\" xmlns=\"http:\/\/www.w3.org\/2000\/svg\"><path d=\"M696 533C708 521 713 504 713 487 713 471 708 454 696 446L400 146C388 133 375 125 354 125 338 125 325 129 313 142 300 154 292 171 292 187 292 204 296 221 308 233L563 492 304 771C292 783 288 800 288 817 288 833 296 850 308 863 321 871 338 875 354 875 371 875 388 867 400 854L696 533Z\"><\/path><\/svg>\t\t\t\t\t<\/div>\n\t\t\t\t\n\t\t\t\t\t\t\t\t\t<div class=\"swiper-pagination\"><\/div>\n\t\t\t\t\t\t\t\t\t<\/div>\n\t\t\t\t\t\t<\/div>\n\t\t\t\t<\/div>\n\t\t\t\t<div class=\"elementor-element elementor-element-751ef8a elementor-widget elementor-widget-text-editor\" data-id=\"751ef8a\" data-element_type=\"widget\" data-e-type=\"widget\" data-widget_type=\"text-editor.default\">\n\t\t\t\t<div class=\"elementor-widget-container\">\n\t\t\t\t\t\t\t\t\t<p>El cultivo del mel\u00f3n en Costa Rica tiene un impacto econ\u00f3mico significativo, ya que genera empleo para miles de personas en las \u00e1reas rurales del pa\u00eds. Adem\u00e1s, el mel\u00f3n es uno de los productos agr\u00edcolas m\u00e1s importantes de exportaci\u00f3n de Costa Rica, y se env\u00eda a varios pa\u00edses en todo el mundo, incluyendo Estados Unidos, Canad\u00e1 y Europa.<\/p><p>El sector del mel\u00f3n en Costa Rica ha experimentado algunos desaf\u00edos en los \u00faltimos a\u00f1os, incluyendo fluctuaciones en los precios internacionales y problemas de control de plagas y enfermedades. Sin embargo, los productores contin\u00faan trabajando para mejorar la calidad del cultivo y adoptar pr\u00e1cticas agr\u00edcolas sostenibles para garantizar la viabilidad a largo plazo del sector.<\/p><p>En general, el mel\u00f3n es un cultivo importante en Costa Rica que genera empleo y tiene un impacto significativo en la econom\u00eda del pa\u00eds. La producci\u00f3n de mel\u00f3n en Costa Rica est\u00e1 en constante evoluci\u00f3n, y los productores contin\u00faan trabajando para mejorar la calidad del cultivo y adoptar pr\u00e1cticas sostenibles para garantizar su viabilidad a largo plazo.<\/p>\t\t\t\t\t\t\t\t<\/div>\n\t\t\t\t<\/div>\n\t\t\t\t\t<\/div>\n\t\t<\/div>\n\t\t\t\t\t<\/div>\n\t\t<\/section>\n\t\t\t\t<section class=\"elementor-section elementor-top-section elementor-element elementor-element-11fe2f5 elementor-section-full_width elementor-section-stretched elementor-section-height-default elementor-section-height-default\" data-id=\"11fe2f5\" data-element_type=\"section\" data-e-type=\"section\" data-settings=\"{&quot;stretch_section&quot;:&quot;section-stretched&quot;,&quot;background_background&quot;:&quot;classic&quot;}\">\n\t\t\t\t\t\t<div class=\"elementor-container elementor-column-gap-default\">\n\t\t\t\t\t<div class=\"elementor-column elementor-col-100 elementor-top-column elementor-element elementor-element-664d197\" data-id=\"664d197\" data-element_type=\"column\" data-e-type=\"column\">\n\t\t\t<div class=\"elementor-widget-wrap elementor-element-populated\">\n\t\t\t\t\t\t<div class=\"elementor-element elementor-element-0c6144f elementor-widget elementor-widget-text-editor\" data-id=\"0c6144f\" data-element_type=\"widget\" data-e-type=\"widget\" data-widget_type=\"text-editor.default\">\n\t\t\t\t<div class=\"elementor-widget-container\">\n\t\t\t\t\t\t\t\t\t<p><span style=\"color: #ffffff;\">Dise\u00f1ado &amp; Hosting web<\/span> <span style=\"color: #ffffff;\"><a style=\"color: #ffffff;\" href=\"https:\/\/williamalvarado.com\/\">WilliamAlavarado.com<\/a><\/span><\/p>\t\t\t\t\t\t\t\t<\/div>\n\t\t\t\t<\/div>\n\t\t\t\t\t<\/div>\n\t\t<\/div>\n\t\t\t\t\t<\/div>\n\t\t<\/section>\n\t\t\t\t<\/div>\n\t\t","protected":false},"excerpt":{"rendered":"<p>MelonContacto El mel\u00f3n es un cultivo importante en Costa Rica y se produce en diferentes regiones del pa\u00eds. La variedad m\u00e1s com\u00fan es el mel\u00f3n cantalupo, tambi\u00e9n conocido como mel\u00f3n dulce, que se caracteriza por tener una pulpa naranja y dulce. El cultivo del mel\u00f3n en Costa Rica requiere de ciertas condiciones ambientales espec\u00edficas, como [&hellip;]<\/p>\n","protected":false},"author":1,"featured_media":0,"parent":0,"menu_order":0,"comment_status":"closed","ping_status":"closed","template":"elementor_canvas","meta":{"footnotes":""},"class_list":["post-138","page","type-page","status-publish","hentry"],"_links":{"self":[{"href":"https:\/\/demfreshproduce.com\/index.php\/wp-json\/wp\/v2\/pages\/138","targetHints":{"allow":["GET"]}}],"collection":[{"href":"https:\/\/demfreshproduce.com\/index.php\/wp-json\/wp\/v2\/pages"}],"about":[{"href":"https:\/\/demfreshproduce.com\/index.php\/wp-json\/wp\/v2\/types\/page"}],"author":[{"embeddable":true,"href":"https:\/\/demfreshproduce.com\/index.php\/wp-json\/wp\/v2\/users\/1"}],"replies":[{"embeddable":true,"href":"https:\/\/demfreshproduce.com\/index.php\/wp-json\/wp\/v2\/comments?post=138"}],"version-history":[{"count":4,"href":"https:\/\/demfreshproduce.com\/index.php\/wp-json\/wp\/v2\/pages\/138\/revisions"}],"predecessor-version":[{"id":155,"href":"https:\/\/demfreshproduce.com\/index.php\/wp-json\/wp\/v2\/pages\/138\/revisions\/155"}],"wp:attachment":[{"href":"https:\/\/demfreshproduce.com\/index.php\/wp-json\/wp\/v2\/media?parent=138"}],"curies":[{"name":"wp","href":"https:\/\/api.w.org\/{rel}","templated":true}]}}